st the prime factors of 915096.
2, 3, 7, 13, 419
What are the prime factors of 2564072?
2, 7, 31, 211
What are the prime factors of 13416307?
41, 337, 971
List the prime factors of 151030.
2, 5, 11, 1373
List the prime factors of 88623.
3, 43, 229
What are the prime factors of 646297?
47, 13751
List the prime factors of 431051.
431051
What are the prime factors of 2486203?
2486203
What are the prime factors of 11407426?
2, 5703713
List the prime factors of 40240900.
2, 5, 7, 57487
What are the prime factors of 108462?
2, 3, 18077
What are the prime factors of 2178296?
2, 272287
List the prime factors of 168814.
2, 84407
What are the prime factors of 213931?
31, 67, 103
List the prime factors of 7213756.
2, 11, 67, 2447
List the prime factors of 314017.
11, 28547
What are the prime factors of 14969436?
2, 3, 1247453
What are the prime factors of 44857?
31, 1447
What are the prime factors of 2726822?
2, 7, 31, 61, 103
List the prime factors of 481595.
5, 61, 1579
What are the prime factors of 35985890?
2, 5, 3598589
List the prime factors of 26462647.
4603, 5749
List the prime factors of 710785.
5, 142157
List the prime factors of 3341027.
17, 149, 1319
List the prime factors of 16378.
2, 19, 431
What are the prime factors of 7107070?
2, 5, 139, 5113
List the prime factors of 208975.
5, 13, 643
What are the prime factors of 75347?
75347
List the prime factors of 453341.
7, 64763
List the prime factors of 386144.
2, 11, 1097
List the prime factors of 628435.
5, 125687
List the prime factors of 2694190.
2, 5, 269419
List the prime factors of 4363714.
2, 2181857
What are the prime factors of 1003590?
2, 3, 5, 7, 59
What are the prime factors of 4782840?
2, 3, 5, 39857
What are the prime factors of 3822077?
7, 61, 8951
What are the prime factors of 845934?
2, 3, 140989
List the prime factors of 67137.
3, 7, 23, 139
List the prime factors of 4820789.
167, 28867
List the prime factors of 301637.
7, 41, 1051
What are the prime factors of 275342?
2, 31, 4441
What are the prime factors of 2837733?
3, 41, 23071
List the prime factors of 6908097.
3, 7, 101, 3257
What are the prime factors of 31889029?
179, 178151
List the prime factors of 337288.
2, 7, 19, 317
List the prime factors of 1092264.
2, 3, 71, 641
List the prime factors of 1789895.
5, 19, 83, 227
List the prime factors of 795549.
3, 17, 19, 821
List the prime factors of 6372947.
7, 910421
List the prime factors of 4703034.
2, 3, 7, 111977
What are the prime factors of 1707455?
5, 341491
What are the prime factors of 10355577?
3, 3451859
List the prime factors of 254427.
3, 84809
List the prime factors of 3644592.
2, 3, 7, 10847
What are the prime factors of 7302102?
2, 3, 1217017
List the prime factors of 247152.
2, 3, 19, 271
What are the prime factors of 5459204?
2, 157, 8693
List the prime factors of 353423.
7, 29, 1741
List the prime factors of 2827963.
79, 35797
What are the prime factors of 211602?
2, 3, 35267
What are the prime factors of 28769037?
3, 11, 871789
List the prime factors of 188417.
188417
List the prime factors of 187961.
101, 1861
What are the prime factors of 4974842?
2, 43, 57847
What are the prime factors of 23677?
23677
List the prime factors of 789596.
2, 109, 1811
What are the prime factors of 581527?
581527
List the prime factors of 120459.
3, 40153
What are the prime factors of 984226?
2, 492113
List the prime factors of 1090705.
5, 7, 11, 2833
What are the prime factors of 697413?
3, 37, 61, 103
List the prime factors of 1390834.
2, 139, 5003
What are the prime factors of 273772?
2, 68443
List the prime factors of 4156971.
3, 7, 13, 15227
What are the prime factors of 646629?
3, 17, 31, 409
What are the prime factors of 244205?
5, 13, 17
What are the prime factors of 237432?
2, 3, 13, 761
List the prime factors of 763847.
7, 109121
List the prime factors of 4976589.
3, 1279, 1297
List the prime factors of 102097.
23, 193
List the prime factors of 26718375.
3, 5, 71249
List the prime factors of 3314393.
47, 97, 727
What are the prime factors of 238415?
5, 41, 1163
What are the prime factors of 35683374?
2, 3, 17, 349837
What are the prime factors of 13171260?
2, 3, 5, 17, 37, 349
What are the prime factors of 4015825?
5, 11, 17, 859
List the prime factors of 130902.
2, 3, 21817
What are the prime factors of 4793322?
2, 3, 798887
List the prime factors of 181998.
2, 3, 10111
List the prime factors of 580794.
2, 3, 96799
List the prime factors of 235327.
139, 1693
What are the prime factors of 541286?
2, 241, 1123
What are the prime factors of 484479?
3, 53831
List the prime factors of 513739.
513739
List the prime factors of 10278006.
2, 3, 29, 59069
What are the prime factors of 68274?
2, 3, 3793
List the prime factors of 14348763.
3, 11, 13, 11149
What are the prime factors of 189091?
7, 17, 227
What are the prime factors of 324459?
3, 61, 197
What are the prime factors of 241537?
241537
What are the prime factors of 690017?
89, 7753
What are the prime factors of 1937440?
2, 5, 12109
What are the prime factors of 523657?
523657
What are the prime factors of 176816?
2, 43, 257
What are the prime factors of 623715?
3, 5, 43, 967
What are the prime factors of 8567104?
2, 7, 13, 1471
What are the prime factors of 166716?
2, 3, 11, 421
List the prime factors of 13602605.
5, 457, 5953
What are the prime factors of 465453?
3, 17239
List the prime factors of 6556353.
3, 71, 30781
What are the prime factors of 9302479?
881, 10559
List the prime factors of 15008737.
67, 224011
What are the prime factors of 124826?
2, 13, 4801
What are the prime factors of 711116?
2, 7, 109, 233
What are the prime factors of 528330?
2, 3, 5, 11, 1601
List the prime factors of 3109587.
3, 13, 71, 1123
What are the prime factors of 252432?
2, 3, 1753
What are the prime factors of 1037650?
2, 5, 20753
List the prime factors of 1875105.
3, 5, 41669
What are the prime factors of 179888?
2, 11243
List the prime factors of 132684.
2, 3, 11057
List the prime factors of 13431093.
3, 13, 43, 8009
What are the prime factors of 1066224?
2, 3, 97, 229
List the prime factors of 8942052.
2, 3, 7, 106453
What are the prime factors of 15821585?
5, 13, 19, 23, 557
List the prime factors of 771567.
3, 257189
What are the prime factors of 3064173?
3, 7, 79, 1847
List the prime factors of 832298.
2, 416149
What are the prime factors of 982097?
982097
List the prime factors of 140076.
2, 3, 1297
List the prime factors of 25600401.
3, 179, 5297
List the prime factors of 1768619.
1768619
List the prime factors of 853027.
7, 31, 3931
List the prime factors of 26558258.
2, 29, 31, 14771
List the prime factors of 1297936.
2, 23, 3527
What are the prime factors of 2830528?
2, 47, 941
What are the prime factors of 1403474?
2, 181, 3877
List the prime factors of 1251745.
5, 11, 2069
What are the prime factors of 392265?
3, 5, 23, 379
What are the prime factors of 22047309?
3, 272189
What are the prime factors of 6958804?
2, 179, 9719
List the prime factors of 153423.
3, 17047
What are the prime factors of 5503427?
17, 137, 139
What are the prime factors of 460976?
2, 47, 613
List the prime factors of 496499.
496499
List the prime factors of 2172177.
3, 7, 1277
What are the prime factors of 9902054?
2, 47, 105341
List the prime factors of 1077643.
7, 153949
List the prime factors of 7709421.
3, 19, 31, 4363
List the prime factors of 224116.
2, 43, 1303
What are the prime factors of 641075?
5, 25643
List the prime factors of 218301.
3, 72767
List the prime factors of 259778.
2, 193, 673
What are the prime factors of 296466?
2, 3, 49411
What are the prime factors of 16143435?
3, 5, 7, 11, 1553
What are the prime factors of 2813464?
2, 29, 67, 181
List the prime factors of 41310.
2, 3, 5, 17
List the prime factors of 3133206.
2, 3, 174067
List the prime factors of 1797890.
2, 5, 163, 1103
List the prime factors of 283401.
3, 31489
List the prime factors of 25173405.
3, 5, 71, 7879
List the prime factors of 2080273.
13, 17, 9413
List the prime factors of 1151681.
31, 97, 383
List the prime factors of 191975.
5, 7, 1097
What are the prime factors of 91727?
29, 3163
What are the prime factors of 2096312?
2, 23, 11393
What are the prime factors of 361622?
2, 180811
List the prime factors of 151318.
2, 75659
List the prime fa